{"id":360,"date":"2024-04-05T10:59:16","date_gmt":"2024-04-05T10:59:16","guid":{"rendered":"https:\/\/uzraktas.lt\/?page_id=360"},"modified":"2024-04-05T11:03:44","modified_gmt":"2024-04-05T11:03:44","slug":"contacts","status":"publish","type":"page","link":"https:\/\/uzraktas.lt\/contacts\/","title":{"rendered":"contacts"},"content":{"rendered":"\t\t<div data-elementor-type=\"wp-page\" data-elementor-id=\"360\" class=\"elementor elementor-360\">\n\t\t\t\t<div class=\"elementor-element elementor-element-21c8b95 e-flex e-con-boxed e-con e-parent\" data-id=\"21c8b95\" data-element_type=\"container\" data-e-type=\"container\">\n\t\t\t\t\t<div class=\"e-con-inner\">\n\t\t<div class=\"elementor-element elementor-element-ec3c097 e-flex e-con-boxed e-con e-child\" data-id=\"ec3c097\" data-element_type=\"container\" data-e-type=\"container\">\n\t\t\t\t\t<div class=\"e-con-inner\">\n\t\t\t\t<div class=\"elementor-element elementor-element-a07ca8d elementor-widget elementor-widget-heading\" data-id=\"a07ca8d\" data-element_type=\"widget\" data-e-type=\"widget\" data-widget_type=\"heading.default\">\n\t\t\t\t<div class=\"elementor-widget-container\">\n\t\t\t\t\t<h2 class=\"elementor-heading-title elementor-size-default\">Kontaktai<\/h2>\t\t\t\t<\/div>\n\t\t\t\t<\/div>\n\t\t\t\t\t<\/div>\n\t\t\t\t<\/div>\n\t\t\t\t\t<\/div>\n\t\t\t\t<\/div>\n\t\t<div class=\"elementor-element elementor-element-cb842d0 e-flex e-con-boxed e-con e-parent\" data-id=\"cb842d0\" data-element_type=\"container\" data-e-type=\"container\">\n\t\t\t\t\t<div class=\"e-con-inner\">\n\t\t<div class=\"elementor-element elementor-element-bb9f67a e-con-full e-flex e-con e-child\" data-id=\"bb9f67a\" data-element_type=\"container\" data-e-type=\"container\">\n\t\t\t\t<div class=\"elementor-element elementor-element-c31e517 elementor-widget elementor-widget-text-editor\" data-id=\"c31e517\" data-element_type=\"widget\" data-e-type=\"widget\" data-widget_type=\"text-editor.default\">\n\t\t\t\t<div class=\"elementor-widget-container\">\n\t\t\t\t\t\t\t\t\t<h3><strong>Contact information<\/strong><\/h3><p><strong>Address:<\/strong> Dariaus ir Gir\u0117no g. 9, LT-99129 \u0160ilut\u0117\u00a0<\/p><p><strong>Phone:<\/strong> +370 6556 7835<\/p><p><strong>Email mail:<\/strong> info@hidraulines.lt<\/p><h3><strong>Working hours<\/strong><\/h3><p><strong>From Monday to Friday:<\/strong> 08:00 &#8211; 17:00<\/p><p><strong>Saturday-Sunday:<\/strong> Closed<\/p>\t\t\t\t\t\t\t\t<\/div>\n\t\t\t\t<\/div>\n\t\t\t\t<\/div>\n\t\t<div class=\"elementor-element elementor-element-40cec06 e-con-full e-flex e-con e-child\" data-id=\"40cec06\" data-element_type=\"container\" data-e-type=\"container\">\n\t\t\t\t<div class=\"elementor-element elementor-element-ca88898 elementor-widget__width-initial elementor-widget elementor-widget-google_maps\" data-id=\"ca88898\" data-element_type=\"widget\" data-e-type=\"widget\" data-widget_type=\"google_maps.default\">\n\t\t\t\t<div class=\"elementor-widget-container\">\n\t\t\t\t\t\t\t<div class=\"elementor-custom-embed\">\n\t\t\t<iframe loading=\"lazy\"\n\t\t\t\t\tsrc=\"https:\/\/maps.google.com\/maps?q=Dariaus%20ir%20Gir%C4%97no%20g.%209%2C%20LT-99129%20%C5%A0ilut%C4%97%20&#038;t=m&#038;z=15&#038;output=embed&#038;iwloc=near\"\n\t\t\t\t\ttitle=\"Dariaus ir Gir\u0117no g. 9, LT-99129 \u0160ilut\u0117 \"\n\t\t\t\t\taria-label=\"Dariaus ir Gir\u0117no g. 9, LT-99129 \u0160ilut\u0117 \"\n\t\t\t><\/iframe>\n\t\t<\/div>\n\t\t\t\t\t\t<\/div>\n\t\t\t\t<\/div>\n\t\t\t\t<\/div>\n\t\t\t\t\t<\/div>\n\t\t\t\t<\/div>\n\t\t\t\t<\/div>\n\t\t","protected":false},"excerpt":{"rendered":"<p>Kontaktai Contact information Address: Dariaus ir Gir\u0117no g. 9, LT-99129 \u0160ilut\u0117\u00a0 Phone: +370 6556 7835 Email mail: info@hidraulines.lt Working hours From Monday to Friday: 08:00&hellip;<\/p>\n","protected":false},"author":3,"featured_media":0,"parent":0,"menu_order":0,"comment_status":"closed","ping_status":"closed","template":"","meta":{"footnotes":""},"class_list":["post-360","page","type-page","status-publish","hentry"],"_links":{"self":[{"href":"https:\/\/uzraktas.lt\/wp-json\/wp\/v2\/pages\/360","targetHints":{"allow":["GET"]}}],"collection":[{"href":"https:\/\/uzraktas.lt\/wp-json\/wp\/v2\/pages"}],"about":[{"href":"https:\/\/uzraktas.lt\/wp-json\/wp\/v2\/types\/page"}],"author":[{"embeddable":true,"href":"https:\/\/uzraktas.lt\/wp-json\/wp\/v2\/users\/3"}],"replies":[{"embeddable":true,"href":"https:\/\/uzraktas.lt\/wp-json\/wp\/v2\/comments?post=360"}],"version-history":[{"count":4,"href":"https:\/\/uzraktas.lt\/wp-json\/wp\/v2\/pages\/360\/revisions"}],"predecessor-version":[{"id":364,"href":"https:\/\/uzraktas.lt\/wp-json\/wp\/v2\/pages\/360\/revisions\/364"}],"wp:attachment":[{"href":"https:\/\/uzraktas.lt\/wp-json\/wp\/v2\/media?parent=360"}],"curies":[{"name":"wp","href":"https:\/\/api.w.org\/{rel}","templated":true}]}}